{"id":4707,"date":"2023-02-20T23:29:19","date_gmt":"2023-02-20T22:29:19","guid":{"rendered":"https:\/\/somacare.pl\/?page_id=4707"},"modified":"2023-05-10T13:52:06","modified_gmt":"2023-05-10T11:52:06","slug":"kamil-sniecinski","status":"publish","type":"page","link":"https:\/\/somacare.pl\/index.php\/kamil-sniecinski\/","title":{"rendered":"Kamil \u015anieci\u0144ski"},"content":{"rendered":"\t\t<div data-elementor-type=\"wp-page\" data-elementor-id=\"4707\" class=\"elementor elementor-4707\">\n\t\t\t\t\t\t<section class=\"elementor-section elementor-top-section elementor-element elementor-element-875857f elementor-section-content-middle elementor-section-boxed elementor-section-height-default elementor-section-height-default\" data-id=\"875857f\" data-element_type=\"section\" data-e-type=\"section\">\n\t\t\t\t\t\t<div class=\"elementor-container elementor-column-gap-extended\">\n\t\t\t\t\t<div class=\"elementor-column elementor-col-50 elementor-top-column elementor-element elementor-element-ca799f4\" data-id=\"ca799f4\" data-element_type=\"column\" data-e-type=\"column\">\n\t\t\t<div class=\"elementor-widget-wrap elementor-element-populated\">\n\t\t\t\t\t\t<div class=\"elementor-element elementor-element-6da9e89 elementor-widget elementor-widget-text-editor\" data-id=\"6da9e89\" data-element_type=\"widget\" data-e-type=\"widget\" data-widget_type=\"text-editor.default\">\n\t\t\t\t<div class=\"elementor-widget-container\">\n\t\t\t\t\t\t\t\t\t<h2>Kamil \u015anieci\u0144ski<\/h2><h4 style=\"margin-bottom: 28px; color: #26aba3; font-weight: bold;\">Osteopata, osteopata dzieci\u0119cy, fizjoterapeuta<\/h4><p><span style=\"font-weight: 400;\">Osteopata, kt\u00f3ry na co dzie\u0144 pracuje z pacjentami skar\u017c\u0105cymi si\u0119 na r\u00f3\u017cnego rodzaju dolegliwo\u015bci b\u00f3lowe oraz wspomaga powr\u00f3t organizmu do stanu r\u00f3wnowagi. Absolwent Akademii Wychowania Fizycznego we Wroc\u0142awiu na kierunku fizjoterapia oraz 5-cio letniego podyplomowego cyklu kszta\u0142cenia z zakresu Medycyny Osteopatycznej Akademii Osteopatii w Poznaniu.<\/span><span style=\"font-weight: 400;\"><br \/><\/span><span style=\"font-weight: 400;\"><br \/><\/span><span style=\"font-weight: 400;\">Systematycznie zdobywa now\u0105 wiedz\u0119 i podnosi swoje kwalifikacje na MasterCourse\u2019ach dla osteopat\u00f3w. Chce doskonali\u0107 sw\u00f3j warsztat pracy, by jeszcze skuteczniej pomaga\u0107 swoim pacjentom. Nabyt\u0105 wiedz\u0119 przekazuje dalej prowadz\u0105c warsztaty oraz szkolenia dla fizjoterapeut\u00f3w i osteopat\u00f3w.<\/span><span style=\"font-weight: 400;\"><br \/><\/span><span style=\"font-weight: 400;\"><br \/><\/span><b>Specjalizacja w terapii czaszki i twarzoczaszki \u2013 dysfunkcje stawu skroniowo-\u017cuchwowego, prowadzenie pacjent\u00f3w po operacjach stomatognatycznych, prowadzenie pacjent\u00f3w podczas leczenia ortodontycznego, zaburzenia akustyczne \u2013 piski, szumy uszne).<\/b><\/p>\t\t\t\t\t\t\t\t<\/div>\n\t\t\t\t<\/div>\n\t\t\t\t<div class=\"elementor-element elementor-element-2fe8b96 elementor-widget elementor-widget-html\" data-id=\"2fe8b96\" data-element_type=\"widget\" data-e-type=\"widget\" data-widget_type=\"html.default\">\n\t\t\t\t<div class=\"elementor-widget-container\">\n\t\t\t\t\t<a id=\"zl-url\" class=\"zl-url\" href=\"https:\/\/www.znanylekarz.pl\/kamil-sniecinski\/osteopata-fizjoterapeuta\/wroclaw\" rel=\"nofollow\" data-zlw-doctor=\"kamil-sniecinski\" data-zlw-type=\"big_with_calendar\" data-zlw-opinion=\"false\" data-zlw-hide-branding=\"true\">Kamil \u015anieci\u0144ski - ZnanyLekarz.pl<\/a><script>!function($_x,_s,id){var js,fjs=$_x.getElementsByTagName(_s)[0];if(!$_x.getElementById(id)){js = $_x.createElement(_s);js.id = id;js.src = \"\/\/platform.docplanner.com\/js\/widget.js\";fjs.parentNode.insertBefore(js,fjs);}}(document,\"script\",\"zl-widget-s\");<\/script>\t\t\t\t<\/div>\n\t\t\t\t<\/div>\n\t\t\t\t\t<\/div>\n\t\t<\/div>\n\t\t\t\t<div class=\"elementor-column elementor-col-50 elementor-top-column elementor-element elementor-element-3dac063\" data-id=\"3dac063\" data-element_type=\"column\" data-e-type=\"column\">\n\t\t\t<div class=\"elementor-widget-wrap elementor-element-populated\">\n\t\t\t\t\t\t<div class=\"elementor-element elementor-element-d2c2b0a elementor-widget elementor-widget-image\" data-id=\"d2c2b0a\" data-element_type=\"widget\" data-e-type=\"widget\" data-widget_type=\"image.default\">\n\t\t\t\t<div class=\"elementor-widget-container\">\n\t\t\t\t\t\t\t\t\t\t\t\t\t\t\t<img fetchpriority=\"high\" decoding=\"async\" width=\"580\" height=\"772\" src=\"https:\/\/somacare.pl\/wp-content\/uploads\/2022\/12\/Kamil-zdjecie-769x1024.jpg\" class=\"attachment-large size-large wp-image-4445\" alt=\"\" srcset=\"https:\/\/somacare.pl\/wp-content\/uploads\/2022\/12\/Kamil-zdjecie-769x1024.jpg 769w, https:\/\/somacare.pl\/wp-content\/uploads\/2022\/12\/Kamil-zdjecie-225x300.jpg 225w, https:\/\/somacare.pl\/wp-content\/uploads\/2022\/12\/Kamil-zdjecie-768x1022.jpg 768w, https:\/\/somacare.pl\/wp-content\/uploads\/2022\/12\/Kamil-zdjecie-1154x1536.jpg 1154w, https:\/\/somacare.pl\/wp-content\/uploads\/2022\/12\/Kamil-zdjecie-rotated.jpg 1160w\" sizes=\"(max-width: 580px) 100vw, 580px\" \/>\t\t\t\t\t\t\t\t\t\t\t\t\t\t\t<\/div>\n\t\t\t\t<\/div>\n\t\t\t\t<div class=\"elementor-element elementor-element-e08c514 elementor-widget elementor-widget-heading\" data-id=\"e08c514\" data-element_type=\"widget\" data-e-type=\"widget\" data-widget_type=\"heading.default\">\n\t\t\t\t<div class=\"elementor-widget-container\">\n\t\t\t\t\t<h2 class=\"elementor-heading-title elementor-size-default\">Kamil zaprasza do gabinetu pacjenta w ka\u017cdym wieku z dolegliwo\u015bciami:<\/h2>\t\t\t\t<\/div>\n\t\t\t\t<\/div>\n\t\t\t\t<div class=\"elementor-element elementor-element-d082716 elementor-widget elementor-widget-accordion\" data-id=\"d082716\" data-element_type=\"widget\" data-e-type=\"widget\" data-widget_type=\"accordion.default\">\n\t\t\t\t<div class=\"elementor-widget-container\">\n\t\t\t\t\t\t\t<div class=\"elementor-accordion\">\n\t\t\t\t\t\t\t<div class=\"elementor-accordion-item\">\n\t\t\t\t\t<div id=\"elementor-tab-title-2181\" class=\"elementor-tab-title\" data-tab=\"1\" role=\"button\" aria-controls=\"elementor-tab-content-2181\" aria-expanded=\"false\">\n\t\t\t\t\t\t\t\t\t\t\t\t\t<span class=\"elementor-accordion-icon elementor-accordion-icon-left\" aria-hidden=\"true\">\n\t\t\t\t\t\t\t\t\t\t\t\t\t\t\t<span class=\"elementor-accordion-icon-closed\"><i class=\"fas fa-plus\"><\/i><\/span>\n\t\t\t\t\t\t\t\t<span class=\"elementor-accordion-icon-opened\"><i class=\"fas fa-minus\"><\/i><\/span>\n\t\t\t\t\t\t\t\t\t\t\t\t\t\t<\/span>\n\t\t\t\t\t\t\t\t\t\t\t\t<a class=\"elementor-accordion-title\" tabindex=\"0\">Osteopatia dzieci\u0119ca<\/a>\n\t\t\t\t\t<\/div>\n\t\t\t\t\t<div id=\"elementor-tab-content-2181\" class=\"elementor-tab-content elementor-clearfix\" data-tab=\"1\" role=\"region\" aria-labelledby=\"elementor-tab-title-2181\"><ul><li><span style=\"color: #000000;\">asymetrie w obr\u0119bie g\u0142owy, szyi lub tu\u0142owia<\/span><\/li><li><span style=\"color: #000000;\">kolka<\/span><\/li><li><span style=\"color: #000000;\">nadpobudliwo\u015b\u0107 i p\u0142aczliwo\u015b\u0107<\/span><\/li><li><span style=\"color: #000000;\">nieprawid\u0142owe napi\u0119cie mi\u0119\u015bniowe<\/span><\/li><li><span style=\"color: #000000;\">problemy z osi\u0105ganiem kamieni milowych<\/span><\/li><li><span style=\"color: #000000;\">b\u00f3le g\u0142owy, migreny, zawroty g\u0142owy<\/span><\/li><li><span style=\"color: #000000;\">dysplazja stawu biodrowego<\/span><\/li><li><span style=\"color: #000000;\">niedro\u017cno\u015b\u0107 kanalika \u0142zowego<\/span><\/li><li><span style=\"color: #000000;\">ograniczenia ruchomo\u015bci kr\u0119gos\u0142upa i\/lub staw\u00f3w<\/span><\/li><li><span style=\"color: #000000;\">podatno\u015b\u0107 na infekcje<\/span><\/li><li><span style=\"color: #000000;\">problemy z koncentracj\u0105<\/span><\/li><li><span style=\"color: #000000;\">problemy z trawieniem<\/span><\/li><li><span style=\"color: #000000;\">przewlek\u0142e zapalenia p\u0142uc i oskrzeli<\/span><\/li><li><span style=\"color: #000000;\">refluks \u017co\u0142\u0105dkowo-prze\u0142ykowy<\/span><\/li><li><span style=\"color: #000000;\">urazy i przeci\u0105\u017cenia uk\u0142adu ruchu<\/span><\/li><li><span style=\"color: #000000;\">zapalenie ucha \u015brodkowego;<\/span><\/li><li><span style=\"color: #000000;\">zapalenie zatok<\/span><\/li><li><span style=\"color: #000000;\">zaparcia<\/span><\/li><\/ul><\/div>\n\t\t\t\t<\/div>\n\t\t\t\t\t\t\t<div class=\"elementor-accordion-item\">\n\t\t\t\t\t<div id=\"elementor-tab-title-2182\" class=\"elementor-tab-title\" data-tab=\"2\" role=\"button\" aria-controls=\"elementor-tab-content-2182\" aria-expanded=\"false\">\n\t\t\t\t\t\t\t\t\t\t\t\t\t<span class=\"elementor-accordion-icon elementor-accordion-icon-left\" aria-hidden=\"true\">\n\t\t\t\t\t\t\t\t\t\t\t\t\t\t\t<span class=\"elementor-accordion-icon-closed\"><i class=\"fas fa-plus\"><\/i><\/span>\n\t\t\t\t\t\t\t\t<span class=\"elementor-accordion-icon-opened\"><i class=\"fas fa-minus\"><\/i><\/span>\n\t\t\t\t\t\t\t\t\t\t\t\t\t\t<\/span>\n\t\t\t\t\t\t\t\t\t\t\t\t<a class=\"elementor-accordion-title\" tabindex=\"0\">Osteopatia og\u00f3lna<\/a>\n\t\t\t\t\t<\/div>\n\t\t\t\t\t<div id=\"elementor-tab-content-2182\" class=\"elementor-tab-content elementor-clearfix\" data-tab=\"2\" role=\"region\" aria-labelledby=\"elementor-tab-title-2182\"><ul><li><span style=\"color: #000000;\">typowe kontuzje sportowe i\u00a0przeci\u0105\u017cenia<\/span><\/li><li><span style=\"color: #000000;\">b\u00f3le stawowe w\u00a0obr\u0119bie ko\u0144czyn g\u00f3rnych i\u00a0dolnych,<\/span><\/li><li><span style=\"color: #000000;\"><a style=\"color: #000000;\" href=\"https:\/\/www.rehasport.pl\/kregoslup\/bol-kregoslupa-poznaj-przyczyny-bolu-plecow,5210,n,4326\" target=\"_blank\" rel=\"noopener\">b\u00f3l kr\u0119gos\u0142upa<\/a>\u00a0<\/span><\/li><li><span style=\"color: #000000;\"><a style=\"color: #000000;\" href=\"https:\/\/www.rehasport.pl\/kregoslup\/rwa-kulszowa,5207,n,4326\" target=\"_blank\" rel=\"noopener\">rwa kulszowa<\/a><\/span><\/li><li><span style=\"color: #000000;\">wady postawy<\/span><\/li><li><span style=\"color: #000000;\">zaburzenia uk\u0142adu pokarmowego<\/span><\/li><li><span style=\"color: #000000;\">nieradzenie sobie ze stresem<\/span><\/li><li><span style=\"color: #000000;\">migrena, b\u00f3le g\u0142owy<\/span><\/li><li><span style=\"color: #000000;\">zaburzenia funkcjonowania stawu skroniowo-\u017cuchwowego<\/span><\/li><li><span style=\"color: #000000;\">przewlek\u0142e choroby autoimmunologiczne<\/span><\/li><li><span style=\"color: #000000;\">cukrzyca<\/span><\/li><li><span style=\"color: #000000;\">choroby reumatoidalne<\/span><\/li><\/ul><\/div>\n\t\t\t\t<\/div>\n\t\t\t\t\t\t\t<div class=\"elementor-accordion-item\">\n\t\t\t\t\t<div id=\"elementor-tab-title-2183\" class=\"elementor-tab-title\" data-tab=\"3\" role=\"button\" aria-controls=\"elementor-tab-content-2183\" aria-expanded=\"false\">\n\t\t\t\t\t\t\t\t\t\t\t\t\t<span class=\"elementor-accordion-icon elementor-accordion-icon-left\" aria-hidden=\"true\">\n\t\t\t\t\t\t\t\t\t\t\t\t\t\t\t<span class=\"elementor-accordion-icon-closed\"><i class=\"fas fa-plus\"><\/i><\/span>\n\t\t\t\t\t\t\t\t<span class=\"elementor-accordion-icon-opened\"><i class=\"fas fa-minus\"><\/i><\/span>\n\t\t\t\t\t\t\t\t\t\t\t\t\t\t<\/span>\n\t\t\t\t\t\t\t\t\t\t\t\t<a class=\"elementor-accordion-title\" tabindex=\"0\">Fizjoterapia<\/a>\n\t\t\t\t\t<\/div>\n\t\t\t\t\t<div id=\"elementor-tab-content-2183\" class=\"elementor-tab-content elementor-clearfix\" data-tab=\"3\" role=\"region\" aria-labelledby=\"elementor-tab-title-2183\"><ul><li><span style=\"color: #000000;\"><a style=\"color: #000000;\" href=\"https:\/\/www.medonet.pl\/choroby-od-a-do-z\/choroby-ukladu-ruchu,bol-plecow---przyczyny--leczenie--domowe-sposoby-na-bol-plecow,artykul,1654406.html\" data-allow-layer=\"\">b\u00f3le plec\u00f3w<\/a>,\u00a0zesp\u00f3\u0142 cie\u015bni nadgarstka, zapalenie staw\u00f3w, b\u00f3le krzy\u017ca, choroby st\u00f3p,\u00a0rwa kulszowa, choroby kolan, problemy ze stawami<\/span><\/li><li><span style=\"color: #000000;\">choroba Alzheimera, stwardnienie rozsiane, neuropatia; (uszkodzenie nerw\u00f3w), zawroty g\u0142owy (zawroty g\u0142owy \/ zaburzenia r\u00f3wnowagi), pora\u017cenie m\u00f3zgowe, udar, wstrz\u0105s m\u00f3zgu itp.;<\/span><\/li><li><span style=\"color: #000000;\">fibromialgia, zesp\u00f3\u0142 Raynauda, reumatoidalne zapalenie staw\u00f3w;<\/span><\/li><li><span style=\"color: #000000;\">Zesp\u00f3\u0142 Guillain-Barre;<\/span><\/li><li><span style=\"color: #000000;\">choroby przewlek\u0142e:\u00a0astma,\u00a0cukrzyca,\u00a0oty\u0142o\u015b\u0107, wysokie\u00a0ci\u015bnienie krwi itp.<\/span><\/li><li><span style=\"color: #000000;\">og\u00f3lne samopoczucie.<\/span><\/li><\/ul><\/div>\n\t\t\t\t<\/div>\n\t\t\t\t\t\t\t\t<\/div>\n\t\t\t\t\t\t<\/div>\n\t\t\t\t<\/div>\n\t\t\t\t<div class=\"elementor-element elementor-element-0f92725 elementor-widget elementor-widget-rttalkingminds-custombutton\" data-id=\"0f92725\" data-element_type=\"widget\" data-e-type=\"widget\" data-widget_type=\"rttalkingminds-custombutton.default\">\n\t\t\t\t<div class=\"elementor-widget-container\">\n\t\t\t\t\t \n\t\n  <a class=\"custom-button1\" href=\"https:\/\/somacare.pl\/index.php\/umow-wizyte\/\">\n\tUm\u00f3w wizyt\u0119 u Kamila\t<\/a> \n\t\n  \t\t\t\t<\/div>\n\t\t\t\t<\/div>\n\t\t\t\t\t<\/div>\n\t\t<\/div>\n\t\t\t\t\t<\/div>\n\t\t<\/section>\n\t\t\t\t<section class=\"elementor-section elementor-top-section elementor-element elementor-element-8b2e053 elementor-section-content-middle elementor-section-boxed elementor-section-height-default elementor-section-height-default\" data-id=\"8b2e053\" data-element_type=\"section\" data-e-type=\"section\">\n\t\t\t\t\t\t<div class=\"elementor-container elementor-column-gap-default\">\n\t\t\t\t\t<div class=\"elementor-column elementor-col-100 elementor-top-column elementor-element elementor-element-b177455\" data-id=\"b177455\" data-element_type=\"column\" data-e-type=\"column\">\n\t\t\t<div class=\"elementor-widget-wrap\">\n\t\t\t\t\t\t\t<\/div>\n\t\t<\/div>\n\t\t\t\t\t<\/div>\n\t\t<\/section>\n\t\t\t\t<\/div>\n\t\t","protected":false},"excerpt":{"rendered":"<p>Kamil \u015anieci\u0144ski Osteopata, osteopata dzieci\u0119cy, fizjoterapeuta Osteopata, kt\u00f3ry na co dzie\u0144 pracuje z pacjentami skar\u017c\u0105cymi si\u0119 na r\u00f3\u017cnego rodzaju dolegliwo\u015bci b\u00f3lowe oraz wspomaga powr\u00f3t organizmu do stanu r\u00f3wnowagi. Absolwent Akademii Wychowania Fizycznego we Wroc\u0142awiu na kierunku fizjoterapia oraz 5-cio letniego podyplomowego cyklu kszta\u0142cenia z zakresu Medycyny Osteopatycznej Akademii Osteopatii w Poznaniu. Systematycznie zdobywa now\u0105 wiedz\u0119 [&hellip;]<\/p>\n","protected":false},"author":1,"featured_media":0,"parent":0,"menu_order":0,"comment_status":"closed","ping_status":"closed","template":"templates\/page-box-title.php","meta":{"_acf_changed":false,"inline_featured_image":false,"footnotes":""},"class_list":["post-4707","page","type-page","status-publish","hentry"],"acf":[],"_links":{"self":[{"href":"https:\/\/somacare.pl\/index.php\/wp-json\/wp\/v2\/pages\/4707","targetHints":{"allow":["GET"]}}],"collection":[{"href":"https:\/\/somacare.pl\/index.php\/wp-json\/wp\/v2\/pages"}],"about":[{"href":"https:\/\/somacare.pl\/index.php\/wp-json\/wp\/v2\/types\/page"}],"author":[{"embeddable":true,"href":"https:\/\/somacare.pl\/index.php\/wp-json\/wp\/v2\/users\/1"}],"replies":[{"embeddable":true,"href":"https:\/\/somacare.pl\/index.php\/wp-json\/wp\/v2\/comments?post=4707"}],"version-history":[{"count":10,"href":"https:\/\/somacare.pl\/index.php\/wp-json\/wp\/v2\/pages\/4707\/revisions"}],"predecessor-version":[{"id":4832,"href":"https:\/\/somacare.pl\/index.php\/wp-json\/wp\/v2\/pages\/4707\/revisions\/4832"}],"wp:attachment":[{"href":"https:\/\/somacare.pl\/index.php\/wp-json\/wp\/v2\/media?parent=4707"}],"curies":[{"name":"wp","href":"https:\/\/api.w.org\/{rel}","templated":true}]}}