{"id":5057,"date":"2025-02-17T00:52:39","date_gmt":"2025-02-16T23:52:39","guid":{"rendered":"https:\/\/somacare.pl\/?page_id=5057"},"modified":"2025-02-17T01:10:44","modified_gmt":"2025-02-17T00:10:44","slug":"agnieszka-chomiak","status":"publish","type":"page","link":"https:\/\/somacare.pl\/index.php\/agnieszka-chomiak\/","title":{"rendered":"Agnieszka Chomiak"},"content":{"rendered":"\t\t<div data-elementor-type=\"wp-page\" data-elementor-id=\"5057\" class=\"elementor elementor-5057\">\n\t\t\t\t\t\t<section class=\"elementor-section elementor-top-section elementor-element elementor-element-875857f elementor-section-content-middle elementor-section-boxed elementor-section-height-default elementor-section-height-default\" data-id=\"875857f\" data-element_type=\"section\" data-e-type=\"section\">\n\t\t\t\t\t\t<div class=\"elementor-container elementor-column-gap-extended\">\n\t\t\t\t\t<div class=\"elementor-column elementor-col-50 elementor-top-column elementor-element elementor-element-ca799f4\" data-id=\"ca799f4\" data-element_type=\"column\" data-e-type=\"column\">\n\t\t\t<div class=\"elementor-widget-wrap elementor-element-populated\">\n\t\t\t\t\t\t<div class=\"elementor-element elementor-element-6da9e89 elementor-widget elementor-widget-text-editor\" data-id=\"6da9e89\" data-element_type=\"widget\" data-e-type=\"widget\" data-widget_type=\"text-editor.default\">\n\t\t\t\t<div class=\"elementor-widget-container\">\n\t\t\t\t\t\t\t\t\t<h2>Agnieszka Chomiak<\/h2><h2><span style=\"color: #26aba3; font-size: 18px;\">Logopeda kliniczny, neurologopeda<\/span><\/h2><div id=\"bio-21970130-bcc3-f93b-45bf-00cfe45e5a17\" class=\"modal bio-modal fade in\" role=\"dialog\" data-container=\"modal\" aria-hidden=\"false\"><div class=\"modal-dialog\"><div class=\"modal-content\">\u00a0<\/div><\/div><\/div><div class=\"card\" data-user=\"bd9a93d2-feab-48b7-9a70-eeccdb733a9b\"><div class=\"card__content\"><div class=\"card__header\">Uko\u0144czy\u0142am studia podyplomowe na Uniwersytecie Medycznym<br \/>we Wroc\u0142awiu na kierunku Neurologopedia Kliniczna z Wczesna Interwencj\u0105 Logopedyczn\u0105 oraz studia podyplomowe w zakresie przygotowania pedagogicznego i magisterskie na kierunku filologia polska.<\/div><div>\u00a0<\/div><div class=\"card__header\">Pracuj\u0105c z dzie\u0107mi ucz\u0119 si\u0119 pokory i nieustannego zadawania pyta\u0144. Za s\u0142uszne uznaj\u0119 patrzenie na ma\u0142ego cz\u0142owieka <strong>ca\u0142o\u015bciowo<\/strong>. Chc\u0119, by holistyczne podej\u015bcie i wsp\u00f3\u0142praca z innymi specjalistami wyznacza\u0142y moj\u0105 \u015bcie\u017ck\u0119 zawodow\u0105.<\/div><div>\u00a0<\/div><p>Szkolenia:<\/p><ul><li class=\"card__header\">Komunikacja z dzie\u0107mi werbalnymi i niewerbalnymi z ASD<\/li><li class=\"card__header\">Praca na stawach reguluj\u0105ca napi\u0119cie &#8211; techniki manualne<\/li><li class=\"card__header\">Punkty neurolimfatyczne i neuronaczyniowe- terapia manualna<\/li><\/ul><\/div><\/div>\t\t\t\t\t\t\t\t<\/div>\n\t\t\t\t<\/div>\n\t\t\t\t<div class=\"elementor-element elementor-element-67415af elementor-widget elementor-widget-html\" data-id=\"67415af\" data-element_type=\"widget\" data-e-type=\"widget\" data-widget_type=\"html.default\">\n\t\t\t\t<div class=\"elementor-widget-container\">\n\t\t\t\t\t<a id=\"zl-url\" class=\"zl-url\" href=\"https:\/\/www.znanylekarz.pl\/agnieszka-chomiak\/logopeda\/wroclaw\" rel=\"nofollow\" data-zlw-doctor=\"agnieszka-chomiak\" data-zlw-type=\"big_with_calendar\" data-zlw-opinion=\"false\" data-zlw-hide-branding=\"true\" data-zlw-saas-only=\"true\">Agnieszka Chomiak - ZnanyLekarz.pl<\/a><script>!function($_x,_s,id){var js,fjs=$_x.getElementsByTagName(_s)[0];if(!$_x.getElementById(id)){js = $_x.createElement(_s);js.id = id;js.src = \"\/\/platform.docplanner.com\/js\/widget.js\";fjs.parentNode.insertBefore(js,fjs);}}(document,\"script\",\"zl-widget-s\");<\/script>\t\t\t\t<\/div>\n\t\t\t\t<\/div>\n\t\t\t\t\t<\/div>\n\t\t<\/div>\n\t\t\t\t<div class=\"elementor-column elementor-col-50 elementor-top-column elementor-element elementor-element-3dac063\" data-id=\"3dac063\" data-element_type=\"column\" data-e-type=\"column\">\n\t\t\t<div class=\"elementor-widget-wrap elementor-element-populated\">\n\t\t\t\t\t\t<div class=\"elementor-element elementor-element-d2c2b0a elementor-widget elementor-widget-image\" data-id=\"d2c2b0a\" data-element_type=\"widget\" data-e-type=\"widget\" data-widget_type=\"image.default\">\n\t\t\t\t<div class=\"elementor-widget-container\">\n\t\t\t\t\t\t\t\t\t\t\t\t\t\t\t<img fetchpriority=\"high\" decoding=\"async\" width=\"580\" height=\"853\" src=\"https:\/\/somacare.pl\/wp-content\/uploads\/2025\/02\/Acho.png\" class=\"attachment-large size-large wp-image-5023\" alt=\"\" srcset=\"https:\/\/somacare.pl\/wp-content\/uploads\/2025\/02\/Acho.png 598w, https:\/\/somacare.pl\/wp-content\/uploads\/2025\/02\/Acho-204x300.png 204w\" sizes=\"(max-width: 580px) 100vw, 580px\" \/>\t\t\t\t\t\t\t\t\t\t\t\t\t\t\t<\/div>\n\t\t\t\t<\/div>\n\t\t\t\t<div class=\"elementor-element elementor-element-e08c514 elementor-widget elementor-widget-heading\" data-id=\"e08c514\" data-element_type=\"widget\" data-e-type=\"widget\" data-widget_type=\"heading.default\">\n\t\t\t\t<div class=\"elementor-widget-container\">\n\t\t\t\t\t<h2 class=\"elementor-heading-title elementor-size-default\">W jakich przypadkach warto spotka\u0107 si\u0119 z Agnieszk\u0105?<\/h2>\t\t\t\t<\/div>\n\t\t\t\t<\/div>\n\t\t\t\t<div class=\"elementor-element elementor-element-ac7ecfe elementor-widget elementor-widget-accordion\" data-id=\"ac7ecfe\" data-element_type=\"widget\" data-e-type=\"widget\" data-widget_type=\"accordion.default\">\n\t\t\t\t<div class=\"elementor-widget-container\">\n\t\t\t\t\t\t\t<div class=\"elementor-accordion\">\n\t\t\t\t\t\t\t<div class=\"elementor-accordion-item\">\n\t\t\t\t\t<div id=\"elementor-tab-title-1801\" class=\"elementor-tab-title\" data-tab=\"1\" role=\"button\" aria-controls=\"elementor-tab-content-1801\" aria-expanded=\"false\">\n\t\t\t\t\t\t\t\t\t\t\t\t\t<span class=\"elementor-accordion-icon elementor-accordion-icon-left\" aria-hidden=\"true\">\n\t\t\t\t\t\t\t\t\t\t\t\t\t\t\t<span class=\"elementor-accordion-icon-closed\"><i class=\"fas fa-plus\"><\/i><\/span>\n\t\t\t\t\t\t\t\t<span class=\"elementor-accordion-icon-opened\"><i class=\"fas fa-minus\"><\/i><\/span>\n\t\t\t\t\t\t\t\t\t\t\t\t\t\t<\/span>\n\t\t\t\t\t\t\t\t\t\t\t\t<a class=\"elementor-accordion-title\" tabindex=\"0\">Noworodek, niemowl\u0119<\/a>\n\t\t\t\t\t<\/div>\n\t\t\t\t\t<div id=\"elementor-tab-content-1801\" class=\"elementor-tab-content elementor-clearfix\" data-tab=\"1\" role=\"region\" aria-labelledby=\"elementor-tab-title-1801\"><ul><li>trudno\u015bci z pobieraniem pokarmu (ssanie, po\u0142ykanie)<\/li><li>brak gaworzenia<\/li><li>dziecko nie odwraca g\u0142\u00f3wki w kierunku d\u017awi\u0119ku<\/li><li>brak reakcji na polecenia<\/li><li>brak utrzymywania kontaktu wzrokowego<\/li><\/ul><\/div>\n\t\t\t\t<\/div>\n\t\t\t\t\t\t\t<div class=\"elementor-accordion-item\">\n\t\t\t\t\t<div id=\"elementor-tab-title-1802\" class=\"elementor-tab-title\" data-tab=\"2\" role=\"button\" aria-controls=\"elementor-tab-content-1802\" aria-expanded=\"false\">\n\t\t\t\t\t\t\t\t\t\t\t\t\t<span class=\"elementor-accordion-icon elementor-accordion-icon-left\" aria-hidden=\"true\">\n\t\t\t\t\t\t\t\t\t\t\t\t\t\t\t<span class=\"elementor-accordion-icon-closed\"><i class=\"fas fa-plus\"><\/i><\/span>\n\t\t\t\t\t\t\t\t<span class=\"elementor-accordion-icon-opened\"><i class=\"fas fa-minus\"><\/i><\/span>\n\t\t\t\t\t\t\t\t\t\t\t\t\t\t<\/span>\n\t\t\t\t\t\t\t\t\t\t\t\t<a class=\"elementor-accordion-title\" tabindex=\"0\">Dziecko<\/a>\n\t\t\t\t\t<\/div>\n\t\t\t\t\t<div id=\"elementor-tab-content-1802\" class=\"elementor-tab-content elementor-clearfix\" data-tab=\"2\" role=\"region\" aria-labelledby=\"elementor-tab-title-1802\"><ul><li>oddychanie przez usta<\/li><li>spanie z otwartymi ustami<\/li><li>chrapanie<\/li><li>nieprawid\u0142owo\u015bci zgryzowe<\/li><li>nieprawid\u0142owa budowa narz\u0105d\u00f3w artykulacyjnych<\/li><li>niech\u0119\u0107 do jedzenia pokarm\u00f3w o r\u00f3\u017cnej konsystencji<\/li><li>trudno\u015bci w odgryzaniu, gryzieniu, \u017cuciu, po\u0142ykaniu<\/li><li>m\u00f3wienie przez nos<\/li><\/ul><\/div>\n\t\t\t\t<\/div>\n\t\t\t\t\t\t\t\t<\/div>\n\t\t\t\t\t\t<\/div>\n\t\t\t\t<\/div>\n\t\t\t\t<div class=\"elementor-element elementor-element-0f92725 elementor-widget elementor-widget-rttalkingminds-custombutton\" data-id=\"0f92725\" data-element_type=\"widget\" data-e-type=\"widget\" data-widget_type=\"rttalkingminds-custombutton.default\">\n\t\t\t\t<div class=\"elementor-widget-container\">\n\t\t\t\t\t \n\t\n  <a class=\"custom-button1\" href=\"https:\/\/somacare.pl\/index.php\/umow-wizyte\/\">\n\tUm\u00f3w wizyt\u0119 u Agnieszki\t<\/a> \n\t\n  \t\t\t\t<\/div>\n\t\t\t\t<\/div>\n\t\t\t\t\t<\/div>\n\t\t<\/div>\n\t\t\t\t\t<\/div>\n\t\t<\/section>\n\t\t\t\t<section class=\"elementor-section elementor-top-section elementor-element elementor-element-8b2e053 elementor-section-content-middle elementor-section-boxed elementor-section-height-default elementor-section-height-default\" data-id=\"8b2e053\" data-element_type=\"section\" data-e-type=\"section\">\n\t\t\t\t\t\t<div class=\"elementor-container elementor-column-gap-default\">\n\t\t\t\t\t<div class=\"elementor-column elementor-col-100 elementor-top-column elementor-element elementor-element-b177455\" data-id=\"b177455\" data-element_type=\"column\" data-e-type=\"column\">\n\t\t\t<div class=\"elementor-widget-wrap\">\n\t\t\t\t\t\t\t<\/div>\n\t\t<\/div>\n\t\t\t\t\t<\/div>\n\t\t<\/section>\n\t\t\t\t<\/div>\n\t\t","protected":false},"excerpt":{"rendered":"<p>Agnieszka Chomiak Logopeda kliniczny, neurologopeda \u00a0Uko\u0144czy\u0142am studia podyplomowe na Uniwersytecie Medycznymwe Wroc\u0142awiu na kierunku Neurologopedia Kliniczna z Wczesna Interwencj\u0105 Logopedyczn\u0105 oraz studia podyplomowe w zakresie przygotowania pedagogicznego i magisterskie na kierunku filologia polska.\u00a0Pracuj\u0105c z dzie\u0107mi ucz\u0119 si\u0119 pokory i nieustannego zadawania pyta\u0144. Za s\u0142uszne uznaj\u0119 patrzenie na ma\u0142ego cz\u0142owieka ca\u0142o\u015bciowo. Chc\u0119, by holistyczne podej\u015bcie i [&hellip;]<\/p>\n","protected":false},"author":1,"featured_media":0,"parent":0,"menu_order":0,"comment_status":"closed","ping_status":"closed","template":"templates\/page-box-title.php","meta":{"_acf_changed":false,"inline_featured_image":false,"footnotes":""},"class_list":["post-5057","page","type-page","status-publish","hentry"],"acf":[],"_links":{"self":[{"href":"https:\/\/somacare.pl\/index.php\/wp-json\/wp\/v2\/pages\/5057","targetHints":{"allow":["GET"]}}],"collection":[{"href":"https:\/\/somacare.pl\/index.php\/wp-json\/wp\/v2\/pages"}],"about":[{"href":"https:\/\/somacare.pl\/index.php\/wp-json\/wp\/v2\/types\/page"}],"author":[{"embeddable":true,"href":"https:\/\/somacare.pl\/index.php\/wp-json\/wp\/v2\/users\/1"}],"replies":[{"embeddable":true,"href":"https:\/\/somacare.pl\/index.php\/wp-json\/wp\/v2\/comments?post=5057"}],"version-history":[{"count":7,"href":"https:\/\/somacare.pl\/index.php\/wp-json\/wp\/v2\/pages\/5057\/revisions"}],"predecessor-version":[{"id":5069,"href":"https:\/\/somacare.pl\/index.php\/wp-json\/wp\/v2\/pages\/5057\/revisions\/5069"}],"wp:attachment":[{"href":"https:\/\/somacare.pl\/index.php\/wp-json\/wp\/v2\/media?parent=5057"}],"curies":[{"name":"wp","href":"https:\/\/api.w.org\/{rel}","templated":true}]}}